 d and n?
18
Suppose -6 = j + 2*v, 37 - 32 = -5*j - 5*v. Suppose 4*t + 2*h = 120, -2*h - 168 = -8*t + 3*t. What is the greatest common factor of j and t?
4
Suppose -4*w - 17 = 51. Let d = 20 + w. What is the highest common factor of 3 and d?
3
Suppose 0 = 3*m - 15 - 9. Suppose 2*k - 1 - 3 = -4*u, -u = 5*k + m. Suppose -2*i + 10 = n, n + n - 14 = -3*i. What is the greatest common factor of i and u?
2
Suppose 3*q + 2 = t - 3, 3 = -3*q. Let b be (-4)/t*(-15)/6. Suppose a - 7 = -s + 4, -3*s = b*a - 51. What is the highest common divisor of a and 6?
3
Let c = -22 + 206. What is the highest common divisor of c and 23?
23
Suppose -4*v + 11 = -3*v. Let s = v - 4. What is the greatest common factor of s and 35?
7
Suppose 5*r = -5*s + 185, -5*r + 8 + 2 = 0. Calculate the greatest common factor of s and 280.
35
Let o be (-3 - -3)*2/(-4) + 9. Calculate the highest common divisor of 1 and o.
1
Let g be (2 - (-70)/15)/((-1)/(-48)). Calculate the highest common factor of 20 and g.
20
Let r be (6/((-6)/(-7)))/1. Suppose -5*x + 50 + 20 = 0. What is the greatest common factor of x and r?
7
Suppose -4*i - 5*o = -8 - 35, -3*i + 6 = -5*o. Suppose -21*q - 14 = -35. Calculate the highest common divisor of q and i.
1
Let q be (-113)/(-1 - 0) + -1. What is the highest common divisor of 16 and q?
16
Let f(v) = -v + 7. Let k be f(-5). Calculate the greatest common divisor of k and 48.
12
Suppose 2*m - 115 = -3*m. Calculate the greatest common divisor of 207 and m.
23
Let f be (-5 + 2)*(-28)/3. Suppose 0 = t + 2*n - 22, -n = -4*t - 4 + 83. Suppose 5*o + 0*o - t = 0. What is the highest common divisor of f and o?
4
Suppose -2*n + 3 = -n. Let z be 2/(-6)*(-5 + -1). Suppose -z*s + x = 2*x - 18, -3*x + 36 = 4*s. What is the highest common factor of s and n?
3
Let x(r) = 12*r. Let f be x(1). Let u(s) = s**2 - 6*s + 8. Let v be u(6). Suppose -v = -2*h + f. Calculate the highest common divisor of 80 and h.
10
Let w(h) = 15*h**3 + h**2 - 3*h - 2. Let g be w(-2). Let j = 187 + g. Calculate the greatest common divisor of j and 50.
25
Suppose -t + 1 - 5 = 0, -5*m - 4*t + 259 = 0. Suppose -5*n + 0*n - 4*c + m = 0, n + 3*c = 22. Calculate the highest common factor of 28 and n.
7
Suppose -3*l + 16 = -5. Suppose w + 5*p + l = 0, 4*w - 23 = -w + 4*p. Suppose w*z = 6 + 12. What is the greatest common divisor of 6 and z?
6
Let f = 132 - -48. Calculate the greatest common divisor of 20 and f.
20
Let y = -31 - -55. Suppose l + 0*j - 5*j - y = 0, -2*l - 3*j + 9 = 0. What is the greatest common divisor of 45 and l?
9
Suppose 5*o = -3*m + 8, 0 = -3*o + m - 0*m + 16. Let l be (-3 + 6)/((-6)/32). Let c be 3*l/(-6)*1. Calculate the highest common divisor of c and o.
4
Let m(q) = 3*q. Let r be m(6). Suppose 0*n = 2*n - r. Let x = n - -31. Calculate the highest common divisor of 10 and x.
10
Suppose 24 = -30*m + 33*m. Calculate the greatest common divisor of 72 and m.
8
Let h(s) = s**3 - 4*s**2 + 2. Let q be h(4). Suppose 2*c = -q*c. Suppose 0 = 2*t - c*t - 32. What is the highest common divisor of 80 and t?
16
Suppose 13*i - 5*i = 640. What is the greatest common divisor of 120 and i?
40
Suppose -5*m - 10 = 5*n, 2*n = -2 - 2. Suppose -6*u + 4*u + 4 = m. Calculate the highest common factor of 8 and u.
2
Let a = -51 + 150. Let k = -1 - 3. Let h = 5 - k. What is the highest common divisor of h and a?
9
Suppose -2*m - 5*x = -6*m + 51, -2*m + 2*x = -26. Calculate the highest common factor of m and 21.
7
Let c be (-1)/(64/(-66) - -1). Let w = c + 117. Let s = 27 - 6. Calculate the highest common factor of w and s.
21
Let p be 58/5 + 6/(-10). Calculate the highest common factor of 1 and p.
1
Let l(u) = 3*u**3 + u**2 + u + 3. Let w be l(3). What is the greatest common divisor of w and 12?
12
Suppose -5*w + 320 = -w. Calculate the greatest common divisor of w and 8.
8
Let r be 1 - (1 + -1 - 1). Suppose 48 = -w - 3*w - 4*g, r*w = -g - 24. Let t = w - -155. What is the greatest common divisor of 13 and t?
13
Suppose c + 5*p = 2*p + 2, 2*c = -p + 9. Suppose 20 = 2*w - 10. Suppose -3*l + 0*l = -w. Calculate the highest common factor of l and c.
5
Let n = -11 + 25. Suppose 27*s - 28*s + 70 = 0. Calculate the greatest common divisor of n and s.
14
Let q = -260 - -505. Let i = -117 + q. Let h = 26 - 10. What is the highest common factor of h and i?
16
Let a = 29 - 14. Let d(g) = -g**3 + 7*g**2 - 4*g - 7. Let k be d(6). What is the greatest common factor of k and a?
5
Suppose -3*g - 6 = -g, 3*v + 2*g - 39 = 0. Suppose 2*i = -i + 9, 0 = -o + 2*i - 1. Calculate the greatest common factor of v and o.
5
Let p be 0 - ((-2004)/42 + (-2)/7). What is the highest common divisor of p and 32?
16
Let j(p) = 3*p - 3. Let g be j(2). Suppose -g*t + 5*t - 48 = 0. Let n = -1 + 4. Calculate the highest common divisor of n and t.
3
Suppose 2*i - 3 = -17. Let u = -3 - i. What is the highest common divisor of 8 and u?
4
Suppose -3*a + 352 + 110 = 0. Suppose 2*l = 4*y + 24, -2*y + 30 = 3*l - l. What is the highest common divisor of l and a?
14
Let o = 46 + -32. Let b(j) be the second derivative of j**5/20 - j**4/2 - 2*j**3/3 - 2*j. Let p be b(7). Calculate the highest common factor of p and o.
7
Let n(f) = f + 4. Let q be n(-2). Suppose 2*o + 4 = -q. Let g be (3/(-9))/(o/9). What is the highest common factor of g and 11?
1
Let p = -6 + 3. Let q be 1/3 - 29/p. Let x be (12/q)/(12/40). Calculate the highest common factor of 4 and x.
4
Let z(u) = u**2 - 2*u - 1. Let m be z(3). Calculate the greatest common divisor of 2 and m.
2
Suppose u - 2*u = 2*f - 13, u = -3*f + 18. Let z be 4*(-2 - f/(-2)). Let m be (-3)/z*532/(-21). Calculate the greatest common factor of m and 95.
19
Suppose -4*k + 40 + 16 = 0. What is the highest common factor of 14 and k?
14
Let l(m) = 8*m**2 + 5*m + 5. Let o = 2 + -4. Let p be l(o). What is the greatest common factor of p and 9?
9
Suppose 0 = 4*h - h - 33. Let s = h - 5. Suppose 4*f - 2 = -w, -2*w - 3*w = -4*f - 106. What is the greatest common divisor of s and w?
6
Suppose 2*n + 4*z = 276, z + 3 = -0*z. Suppose q = -2*q + n. What is the highest common divisor of 6 and q?
6
Let t(n) = -n**3 - 5*n**2 + 3*n - 8. Let y be t(-6). Let b(p) = -16*p - 1. Let k be b(-1). Calculate the greatest common divisor of y and k.
5
Let l be (-2)/2 + -56 + 2. Let h be (-517)/l - 3/(-5). Calculate the greatest common factor of h and 25.
5
Let t(j) = -j**2 - 4*j + 1. Let x be t(-3). Suppose -68 - x = -4*z. What is the highest common factor of 18 and z?
18
Suppose -2*a - 2*a = -3*r + 58, 3*a = 6. Calculate the greatest common divisor of r and 11.
11
Let s(z) = 3*z + 6. Let c be s(-4). Let h be c/4*(-50)/15. Suppose -h*l + 47 + 3 = 0. Calculate the greatest common factor of 50 and l.
10
Let x(j) = 71*j**2 + 1. Let k be x(1). Let w be 2/((-5)/(-20)*1). What is the greatest common factor of w and k?
8
Suppose 2*b - 2*v - 30 = 0, -v + 22 = -4*b + 97. Let y(o) = -3*o - 9. Let f be y(-5). Suppose -210 = -p - f*p. Calculate the greatest common divisor of p and b.
10
Suppose 141 + 41 = 2*q. Suppose 3*a - r + 9 = r, -a = -r + 3. Let n be a/((-6)/(-26))*-1. Calculate the highest common divisor of n and q.
13
Let w be 80 + 2/(-4)*2. Suppose -4*n - 3*z + 240 = 0, 0*n = -n + 4*z + w. Let k = 27 + -6. Calculate the greatest common factor of n and k.
21
Let g be 8/(-32) - 1/(-4). Let t(v) = -v + 8. Let d be t(g). Let u(n) = n**2 - 3*n - 1. Let o be u(d). Calculate the highest common divisor of 13 and o.
13
Let c(r) = r + 1. Let i be c(3). Suppose 0 = d - 3*w - 33, -23 = -d - 3*w + i. What is the highest common divisor of 45 and d?
15
Suppose 6*f - 2*f = 2*m + 18, 6 = -2*m. Let g = -1 + 4. Calculate the highest common factor of g and f.
3
Let h(c) = 19*c**2 - c. Let s be h(-1). Let v = s - 8. Let t = 12 + v. What is the highest common divisor of 60 and t?
12
Let b(g) = -g**3 - g**2 + 4*g + 2. Let k be b(-3). What is the greatest common divisor of k and 64?
8
Suppose 3*d + 4*m + m = 61, -2*m = d - 21. Suppose -f + 10 = -41. What is the highest common divisor of f and d?
17
Let o(p) = -p**3 + 8*p**2 - 3*p - 4. Let h be o(7). Calculate the highest common divisor of 60 and h.
12
Let w be ((-5)/(-3))/(1/15). Calculate the highest common factor of w and 125.
25
Suppose 10 = 5*n - 0*n. What is the greatest common factor of n and 8?
2
Let i(f) = -f**3 